reatest common divisor of 2239028 and 4485470?
7414
What is the greatest common divisor of 2987 and 5630392?
103
What is the greatest common divisor of 2090 and 369189?
19
What is the highest common divisor of 1014834550 and 31314?
10438
What is the greatest common divisor of 1848175 and 43955?
295
What is the highest common divisor of 1169 and 710647?
7
Calculate the highest common factor of 99665906 and 608.
38
Calculate the highest common divisor of 5272 and 99279668.
2636
What is the greatest common divisor of 5110514 and 222?
74
What is the highest common factor of 80 and 329600580?
20
Calculate the highest common divisor of 60166 and 815384.
898
What is the greatest common divisor of 3913 and 37171393?
301
What is the highest common divisor of 354 and 762347850?
354
What is the highest common factor of 16 and 5233136?
16
What is the greatest common divisor of 29399 and 52?
1
What is the highest common divisor of 1323 and 63399189?
147
Calculate the highest common divisor of 36 and 136850508.
36
Calculate the greatest common divisor of 20 and 771620860.
20
What is the highest common factor of 23 and 946435901?
23
What is the greatest common factor of 273 and 270299640?
39
What is the greatest common factor of 111815 and 529485?
55
Calculate the greatest common divisor of 32647279 and 82271.
3577
Calculate the greatest common divisor of 560 and 186537190.
70
Calculate the highest common divisor of 13010135 and 11690.
835
Calculate the greatest common factor of 11400 and 38712.
24
Calculate the greatest common divisor of 1160492 and 920.
4
What is the highest common divisor of 234092692 and 76?
76
Calculate the greatest common divisor of 281852 and 67828.
124
What is the highest common factor of 2790 and 260555?
155
What is the greatest common divisor of 7975175 and 50986?
689
Calculate the greatest common divisor of 5645574 and 220.
22
Calculate the greatest common factor of 444012 and 2795124.
1956
Calculate the highest common divisor of 9315 and 1035299.
23
Calculate the highest common divisor of 11999 and 430469.
13
What is the greatest common divisor of 174528452 and 1064?
532
Calculate the greatest common factor of 300167 and 70007.
959
Calculate the greatest common factor of 69531 and 3788631.
1617
What is the greatest common divisor of 7301 and 4517829?
149
Calculate the highest common factor of 125 and 478175.
25
Calculate the highest common divisor of 44946326 and 498.
166
Calculate the highest common divisor of 307866256 and 80.
16
What is the greatest common factor of 29540 and 2836684?
844
What is the greatest common factor of 2564923 and 18783?
2087
Calculate the highest common divisor of 556870 and 430.
10
What is the greatest common factor of 598096 and 694608?
464
Calculate the highest common divisor of 19958 and 409258.
34
Calculate the highest common divisor of 41568 and 14543604.
5196
What is the highest common factor of 48359978 and 152?
38
What is the greatest common divisor of 399807 and 465?
93
Calculate the highest common factor of 26516 and 391916.
28
Calculate the highest common factor of 51 and 16218357.
51
What is the highest common factor of 12025 and 5964725?
325
What is the greatest common factor of 15747 and 142419?
87
What is the highest common divisor of 182 and 888559854?
182
Calculate the highest common factor of 10571234 and 1874.
1874
Calculate the highest common factor of 609834303 and 169.
169
What is the highest common factor of 296 and 156136?
8
Calculate the greatest common factor of 27759691 and 3891.
1297
Calculate the greatest common factor of 7726590 and 27.
27
What is the greatest common factor of 2293068 and 180?
12
Calculate the highest common divisor of 22295 and 6150235.
3185
What is the highest common divisor of 617084525 and 791?
113
Calculate the greatest common divisor of 3207 and 122720131.
1069
What is the greatest common factor of 736320 and 664?
8
Calculate the highest common divisor of 180 and 91957230.
90
What is the highest common factor of 86068988 and 8?
4
Calculate the highest common factor of 609 and 5906169.
87
Calculate the greatest common divisor of 9705378 and 6.
6
Calculate the greatest common factor of 160 and 1427330.
10
Calculate the highest common divisor of 112 and 140688.
16
What is the greatest common divisor of 19795805 and 3047?
277
What is the greatest common factor of 7485 and 664169?
499
Calculate the greatest common divisor of 59125 and 669625.
1375
Calculate the greatest common divisor of 113 and 512513986.
113
What is the greatest common factor of 19915472 and 17168?
592
Calculate the highest common factor of 31 and 677355859.
31
What is the greatest common factor of 255 and 3381087330?
255
What is the greatest common divisor of 305833595 and 190?
95
What is the highest common divisor of 161495859 and 151?
151
What is the greatest common factor of 732 and 9361426?
122
Calculate the highest common factor of 13504 and 3044032.
64
What is the highest common divisor of 173635 and 23870?
385
Calculate the greatest common factor of 12417629 and 5488.
343
Calculate the highest common factor of 57435 and 24045.
105
What is the highest common factor of 74492 and 792?
44
Calculate the highest common factor of 957081390 and 109680.
13710
Calculate the highest common factor of 31949 and 15222.
43
Calculate the greatest common factor of 1215632 and 528.
176
Calculate the highest common factor of 313 and 26272907.
313
What is the greatest common divisor of 1377120 and 90?
30
What is the highest common divisor of 1859313174 and 6?
6
Calculate the greatest common divisor of 238 and 5946634.
34
Calculate the highest common factor of 11020149 and 711.
9
Calculate the highest common factor of 171 and 10436187.
57
Calculate the greatest common factor of 240884 and 59339.
49
What is the greatest common factor of 284255 and 94070?
2045
What is the highest common factor of 40 and 161103460?
20
Calculate the greatest common factor of 57860 and 99724340.
5260
What is the highest common divisor of 7891 and 700478?
607
What is the greatest common divisor of 13275 and 1913075?
1475
What is the greatest common divisor of 5656 and 1270782?
202
Calculate the greatest common factor of 1043816176 and 1924.
1924
Calculate the greatest common divisor of 298 and 5432.
2
Calculate the highest common divisor of 3460 and 12605.
5
What is the highest common factor of 28946 and 164410?
82
What is the greatest common divisor of 317 and 293107?
1
What is the highest common factor of 63 and 18548901?
63
What is the greatest common factor of 2236 and 1189708?
52
What is the greatest common factor of 54260889 and 2397?
2397
Calculate the greatest common factor of 13226 and 276783614.
778
What is the highest common divisor of 248 and 14449162?
62
Calculate the greatest common factor of 131437 and 13.
1
Calculate the greatest common divisor of 20552876 and 124.
124
Calculate the greatest common divisor of 123750 and 172455.
15
Calculate the highest common factor of 3573525 and 1769.
29
What is the greatest common factor of 53984 and 216608?
224
What is the highest common divisor of 366 and 254369634?
366
What is the greatest common factor of 74985598 and 9428?
4714
Calculate the greatest common divisor of 10708333 and 236586.
5633
Calculate the greatest common divisor of 1349245434 and 2127.
2127
What is the greatest common factor of 168670 and 81103?
101
What is the highest common factor of 61248466 and 313?
313
What is the highest common factor of 52968 and 45029421?
6621
Calculate the highest common divisor of 31088 and 68876.
268
What is the highest common factor of 431444 and 3380?
52
Calculate the greatest common factor of 125643 and 11625.
93
Calculate the highest common factor of 2232 and 21182760.
72
What is the highest common divisor of 5677368 and 1165152?
5496
Calculate the greatest common divisor of 148407 and 315.
21
What is the greatest common divisor of 219457 and 252413?
749
Calculate the highest common factor of 19076355 and 241.
241
Calculate the highest common divisor of 66780 and 3703140.
1260
What is the greatest common divisor of 422 and 1627627836?
422
What is the greatest common factor of 108 and 13066662?
6
What is the greatest common factor of 2580 and 10140?
60
Calcula